igit of 106639265?
6
What is the ten thousands digit of 3665477287?
7
What is the units digit of 1667184148?
8
What is the ten thousands digit of 107690495?
9
What is the ten thousands digit of 73702281?
0
What is the hundred thousands digit of 1282086328?
0
What is the ten thousands digit of 84450253?
5
What is the hundreds digit of 734606494?
4
What is the ten thousands digit of 37479884?
7
What is the millions digit of 28062634?
8
What is the ten millions digit of 23875005?
2
What is the units digit of 4458937244?
4
What is the tens digit of 70585588?
8
What is the ten thousands digit of 1646278674?
7
What is the ten thousands digit of 207247585?
4
What is the tens digit of 660019830?
3
What is the hundred thousands digit of 136177246?
1
What is the hundred thousands digit of 298945750?
9
What is the millions digit of 2858061?
2
What is the hundred thousands digit of 33542540?
5
What is the millions digit of 58653379?
8
What is the tens digit of 532841944?
4
What is the tens digit of 83306664?
6
What is the millions digit of 817730411?
7
What is the tens digit of 173836840?
4
What is the tens digit of 1585096?
9
What is the hundred millions digit of 882639225?
8
What is the tens digit of 157848604?
0
What is the millions digit of 17888258?
7
What is the units digit of 401703623?
3
What is the thousands digit of 428973355?
3
What is the ten thousands digit of 5003879956?
7
What is the tens digit of 20122123?
2
What is the millions digit of 935038172?
5
What is the hundred millions digit of 213834401?
2
What is the millions digit of 1253899665?
3
What is the millions digit of 385467412?
5
What is the hundred thousands digit of 181948039?
9
What is the billions digit of 2316841082?
2
What is the billions digit of 1382563228?
1
What is the units digit of 125659067?
7
What is the tens digit of 66210996?
9
What is the ten millions digit of 35034007?
3
What is the thousands digit of 663699796?
9
What is the tens digit of 498883247?
4
What is the thousands digit of 44851722?
1
What is the ten millions digit of 25205161?
2
What is the tens digit of 3754969800?
0
What is the ten millions digit of 82384176?
8
What is the units digit of 3853834818?
8
What is the millions digit of 37514012?
7
What is the ten thousands digit of 381109258?
0
What is the millions digit of 49196728?
9
What is the millions digit of 63096742?
3
What is the hundreds digit of 67284548?
5
What is the ten millions digit of 627947191?
2
What is the ten millions digit of 71639880?
7
What is the ten thousands digit of 91851263?
5
What is the tens digit of 488590229?
2
What is the units digit of 593968292?
2
What is the ten millions digit of 333896752?
3
What is the millions digit of 34985764?
4
What is the hundred thousands digit of 835117623?
1
What is the millions digit of 178153178?
8
What is the millions digit of 2456947177?
6
What is the hundreds digit of 573343845?
8
What is the billions digit of 2707369001?
2
What is the hundreds digit of 435119528?
5
What is the tens digit of 330971443?
4
What is the hundreds digit of 280800462?
4
What is the billions digit of 4761508003?
4
What is the hundred thousands digit of 593789492?
7
What is the units digit of 1574740669?
9
What is the thousands digit of 488787047?
7
What is the hundreds digit of 106286798?
7
What is the ten millions digit of 19918922?
1
What is the hundred millions digit of 2110811501?
1
What is the hundred thousands digit of 36692017?
6
What is the tens digit of 2108233613?
1
What is the millions digit of 1111042291?
1
What is the millions digit of 495320590?
5
What is the units digit of 12077512?
2
What is the units digit of 7387244871?
1
What is the ten millions digit of 68898124?
6
What is the ten millions digit of 29795181?
2
What is the units digit of 40345259?
9
What is the tens digit of 516951592?
9
What is the hundreds digit of 223478731?
7
What is the hundred thousands digit of 146572929?
5
What is the ten thousands digit of 299838462?
3
What is the ten thousands digit of 3145256425?
5
What is the millions digit of 4856827158?
6
What is the tens digit of 404389954?
5
What is the thousands digit of 3479282011?
2
What is the hundreds digit of 905340258?
2
What is the tens digit of 2186909248?
4
What is the hundreds digit of 59181254?
2
What is the hundred thousands digit of 226040459?
0
What is the hundred thousands digit of 1462590012?
5
What is the ten thousands digit of 174411075?
1
What is the millions digit of 16415142?
6
What is the tens digit of 2946753263?
6
What is the hundred thousands digit of 695086476?
0
What is the units digit of 230460401?
1
What is the thousands digit of 526860085?
0
What is the hundred thousands digit of 2030106628?
1
What is the thousands digit of 19285667?
5
What is the millions digit of 372528769?
2
What is the thousands digit of 6041354?
1
What is the ten thousands digit of 158064710?
6
What is the ten millions digit of 216425660?
1
What is the ten thousands digit of 69420286?
2
What is the hundreds digit of 223636142?
1
What is the units digit of 1154492611?
1
What is the hundreds digit of 1476395956?
9
What is the units digit of 155854051?
1
What is the thousands digit of 150878879?
8
What is the millions digit of 421359349?
1
What is the millions digit of 1396124563?
6
What is the hundred millions digit of 177138090?
1
What is the ten millions digit of 293559620?
9
What is the hundred thousands digit of 1252828220?
8
What is the hundred millions digit of 1123984593?
1
What is the hundreds digit of 2366900276?
2
What is the tens digit of 663792156?
5
What is the thousands digit of 247983908?
3
What is the millions digit of 535762203?
5
What is the tens digit of 5295599699?
9
What is the ten millions digit of 29645006?
2
What is the units digit of 20169814?
4
What is the millions digit of 16132467?
6
What is the ten millions digit of 49594928?
4
What is the hundreds digit of 27251586?
5
What is the hundreds digit of 368692435?
4
What is the tens digit of 560071682?
8
What is the units digit of 545021242?
2
What is the ten millions digit of 877373314?
7
What is the tens digit of 24334960?
6
What is the units digit of 34429923?
3
What is the hundreds digit of 211918641?
6
What is the hundred thousands digit of 7274843?
2
What is the hundred thousands digit of 246063260?
0
What is the thousands digit of 140340210?
0
What is the hundred millions digit of 108525711?
1
What is the thousands digit of 908383020?
3
What is the units digit of 34749278?
8
What is the ten thousands digit of 29617589?
1
What is the ten thousands digit of 448146891?
4
What is the millions digit of 180362162?
0
What is the hundred millions digit of 1252076774?
2
What is the thousands digit of 20602312?
2
What is the millions digit of 219575940?
9
What is the ten thousands digit of 398122337?
2
What is the hundreds digit of 27456003?
0
What is the millions digit of 23310315?
3
What is the ten millions digit of 73262370?
7
What is the tens digit of 2953366454?
5
What is the ten thousands digit of 5465992819?
9
What is the millions digit of 27691365?
7
What is the hundred millions digit of 154493863?
1
What is the ten millions digit of 522960832?
2
What is the ten millions digit of 104201862?
0
What is the hundreds digit of 171117143?
1
What is the hundreds digit of 306452780?
7
What is the ten millions digit of 18233653?
1
What is the hundreds digit of 3374555489?
4
What is the thousands digit of 1792072465?
2
What is the ten thousands digit of 637673671?
7
What is the units digit of 268685856?
6
What is the billions digit of 2145146718?
2
What is the hundreds digit of 741184801?
8
What is the hundred thousands digit of 142537187?
5
What is the hundreds digit of 55443891?
8
What is the ten millions digit of 78372393?
7
What is the ten thousands digit of 89107182?
0
What is the ten thousands digit of 486004102?
0
What is the ten thousands digit of 31154557?
5
What is the tens digit of 84502014?
1
What is the ten thousands digit of 76220882?
2
What is the millions digit of 6307592?
6
What is the hundred thousands digit of 84685086?
6
What is the hundreds digit of 187072693?
6
What is the ten millions digit of 38648460?
3
What is the thousands digit of 17456684?
6
What is the ten millions digit of 716